
Suppose b - 23 = -3*f - 2*f, 4*b = -2*f + 20. What is the remainder when 26 is divided by (f/(-2))/(-1) - -5?
5
Let n be (-6)/4 + 1/2. Calculate the remainder when 73 + -2 - (0 + n) is divided by (-126)/(-24)*(-1 + 5) - -4.
22
Suppose -2*w + 4*m + 35 = -13, 0 = 2*w + 3*m - 69. Suppose 2*i - 76 = w. Calculate the remainder when i is divided by 19.
15
Let n = -138 - -80. Let q = -39 - n. What is the remainder when q is divided by 2?
1
Calculate the remainder when (6/4)/((-9)/(-762)) is divided by 16.
15
Let a = 10 + 88. Let l(o) = 144*o + 3757. What is the remainder when a is divided by l(-26)?
7
Let i(j) = -j**2 + 3*j - 4. Let c be i(3). Let p = c - -6. What is the remainder when (-4)/1 + (16 - 5) is divided by p?
1
Suppose 0*f = -5*f + 285. Suppose -363 - f = -n. Suppose o = -6*o + n. Calculate the remainder when o is divided by 21.
18
Suppose 0 = 2*t - 8 + 2. Suppose 2*u - 2*h + t*h = 53, -3*u - 2*h = -77. Calculate the remainder when 113 is divided by u.
26
Suppose -2*x = -4*x + 10. Suppose 4*h - 4 + 0 = 3*s, -x*s - 4*h + 4 = 0. Calculate the remainder when 28 is divided by 9 + 1 + s/1.
8
Let c = 170 - 124. What is the remainder when 166 is divided by c?
28
Let l = 26 + -24. Let t be (-3)/1 + 4 + l. Suppose t*q - 125 = -4*y - 5, -5*y + 150 = -2*q. Calculate the remainder when 58 is divided by y.
28
Suppose 11*u - 9 = 794. Let c = -56 + u. Calculate the remainder when -31*1/2*-2 is divided by c.
14
Suppose 4*d = -3*u - u + 176, 4*d - 5*u = 212. Let p = 62 - d. What is the remainder when 41 is divided by p?
13
Calculate the remainder when 498*-1*(-46)/276 is divided by 14.
13
Suppose -5 = -4*g + 3*g. Let i = -39 - -27. Calculate the remainder when 981/54 + 2/i is divided by g.
3
Let q(u) = -6*u - 4. Let c(w) = -3*w**2 + 10*w + 2. Let j be c(7). Let a = j - -115. Calculate the remainder when a is divided by q(-3).
12
Suppose 4*i - 908 = b, i + 10*b - 5*b = 248. What is the remainder when i is divided by 61?
45
Suppose 51 = -2*u + 145. Let b = u + -20. What is the remainder when b is divided by 4?
3
What is the remainder when 309*((-12)/(-144) - 20/(-16)) is divided by 85?
72
Suppose 4*k + 217 = 529. Suppose 2*f = -3*u + 156, 9*u = 4*u + 5*f + 235. Let g = u - 23. What is the remainder when k is divided by g?
24
Suppose m - 2*w = 135, m - 3*w - 2*w - 144 = 0. What is the remainder when m is divided by 22?
19
Let v = -416 - -482. Calculate the remainder when 263 is divided by v.
65
Suppose -t = -3*t. Suppose 3*h - h - 4 = t. Suppose -h*x - x = -9. Calculate the remainder when 5 is divided by x.
2
Suppose 2*g = -2*g - 8, 0 = -2*j - 4*g - 94. Let h = j - -61. What is the remainder when 107 is divided by h?
17
Suppose 13 = 4*l - 7, 0 = 2*m + l - 303. What is the remainder when m is divided by 4?
1
Let b(d) be the first derivative of -d**2/2 - 12*d - 5. Suppose 0*j = 5*j - 75. What is the remainder when j is divided by b(-16)?
3
Let b(z) = z**3 - 25*z + 6. Let y be b(5). Suppose -4*a = y*a - 850. What is the remainder when a is divided by 43?
42
Let x be 2/(-6) + (-16)/6. Let o(q) = q**3 + 3*q**2. Let v be o(x). What is the remainder when v + 3 + 28 + 1 is divided by 11?
10
Let o = 213 - 169. Let k(c) = c**2 + 3*c + 15. What is the remainder when o is divided by k(0)?
14
Suppose 72*r - 1170 = 27*r. What is the remainder when 138 is divided by r?
8
Let s(j) be the first derivative of -2*j - 1 + j**2 - 9*j**2 + 3*j - 9*j**2. Calculate the remainder when s(-2) is divided by 36.
33
Let o be ((-28)/(-63))/((-1)/(-9)). Suppose -o*z + 2*z = -34. What is the remainder when 49 is divided by z?
15
Suppose -81 = -43*x + 48. Suppose k + g - 1 - 6 = 0, 0 = -3*k - g + 19. Suppose 60 = k*i - 2*i. Calculate the remainder when i is divided by x.
0
Let s(w) = 35*w + 387. Calculate the remainder when 998 is divided by s(-10).
36
Let x be (-2 - -1) + -2 + 31/1. Let y = x + -26. Calculate the remainder when 7 is divided by y.
1
Let b = 1 - -24. Let n(k) = -2*k - 10. Let j be n(-7). Suppose 3*w - o = 40, -5*w = -5*o + j - 74. Calculate the remainder when b is divided by w.
12
Let q(o) = -o**2 - 9*o + 9. Let v be q(-8). Suppose -50 = -3*n - v. Calculate the remainder when 30 is divided by n.
8
Let f be -3 + 1*(-3 + 9). Suppose x = f*x. Suppose -z + 3*k + 2*k = -93, x = -z + k + 81. Calculate the remainder when z is divided by 20.
18
Suppose r - 4*r = 4*z - 446, 3*r - 3*z - 474 = 0. Suppose -w + 4*q + 35 = 0, 16*w - 11*w + 3*q - 198 = 0. Calculate the remainder when r is divided by w.
37
Let c(w) = -w**2 + 12*w - 6. Let v = 29 + -18. Calculate the remainder when 9 is divided by c(v).
4
Let s = 382 - 292. Calculate the remainder when s is divided by 27.
9
Suppose 0 = -n, -n - 28 = -3*a + 134. Calculate the remainder when 107 is divided by a.
53
Let a = -157 - -161. Calculate the remainder when 53 is divided by a.
1
Let y(z) = -6*z**2 + 13*z + 4. Let a(r) = 3*r**2 - 6*r - 2. Let p(g) = 13*a(g) + 6*y(g). Let j = 2 - 4. What is the remainder when 29 is divided by p(j)?
9
Suppose 0 = 2*u + 3*f - 7, 2*u + 2*f - f = 5. Suppose -24 = -5*v - g + u*g, -4 = -4*g. What is the remainder when 0 - -4 - 1*-2 is divided by v?
1
Let n(b) = 9*b - 2. Let a(k) = k**3 + 3*k**2 + 2*k + 7. Let s be a(-3). Calculate the remainder when 10 is divided by n(s).
3
Suppose 71 = d + 2*d + l, 2*l = -3*d + 73. Calculate the remainder when 132 is divided by d.
17
Suppose -9135 + 9089 = -23*q. Suppose -c - 2*c = -3. What is the remainder when q is divided by c?
0
Let f(g) = g**3 - 12*g**2 + 17*g + 32. Calculate the remainder when f(11) is divided by 18.
8
Let a = -533 - -559. Calculate the remainder when 45 is divided by a.
19
Suppose -5 = -3*m + 10. Calculate the remainder when m is divided by (15/6)/(6/12).
0
What is the remainder when 85 is divided by (60/132)/(7/77)?
0
Calculate the remainder when 178 is divided by 3 - (-80)/2 - (10 - 15).
34
Suppose -k = 43 - 172. Calculate the remainder when k is divided by 13.
12
Let t = 70 + -63. Let r = 53 + 2. What is the remainder when r is divided by t?
6
Suppose 4*k - 18 = -x, 3*x = -k - 2*x + 14. Suppose 0*n = -k*n + 120. What is the remainder when n is divided by 11?
8
Let g = 30 - 27. Calculate the remainder when 104 is divided by g/(5*(-3)/(-105)).
20
Let f = 261 - 208. What is the remainder when f is divided by 21?
11
Suppose -98 = -2*g + 118. What is the remainder when g is divided by (10/20)/(-2 - 452/(-224))?
24
Let w(c) = 0*c - 63 + c + 4*c. Calculate the remainder when w(14) is divided by 7.
0
Let a be (-4)/14 - (-2)/7. Suppose 0 = -3*f + 2*x + 51, -5*f - 4*x + 0*x + 107 = a. Let p = 4927 - 4854. What is the remainder when p is divided by f?
16
Suppose 0 = -43*x + 46*x - 237. Calculate the remainder when x is divided by 24.
7
Let y = 30 - 16. Let p(q) = -9*q - 2. Let t(s) = s + 1. Let x(g) = p(g) + 4*t(g). What is the remainder when x(-5) is divided by y?
13
Let r = 807 - 751. Calculate the remainder when r is divided by 38.
18
Suppose -7*t + 997 = -1719. What is the remainder when t is divided by 65?
63
Suppose 78*w - 79*w = -305. Suppose 15*m + w = 20*m. Let b(s) = s**2 + s + 1. What is the remainder when m is divided by b(-6)?
30
Suppose -7*j + 136 = -6*j. Suppose -18*y = -20*y + j. Let b = -29 + 43. Calculate the remainder when y is divided by b.
12
Suppose 3*w + 21 = 3*v, -5*v = -4*v - 3*w + 3. Let t(c) = -2*c**3 + 25*c**2 - 11*c - 4. Calculate the remainder when t(v) is divided by 4.
0
Let v(o) = 12*o**3 - o**2 + 47*o - 81. Let b = 26 + -4. Calculate the remainder when v(2) is divided by b.
17
Suppose -o + 14 + 21 = 0. Suppose -5*w + 0*w = -20. Suppose -w*z + 115 = 43. Calculate the remainder when o is divided by z.
17
Suppose 4*u - 36 = -3*a + 20, -4*a + 2*u = -38. Let g(m) = -2*m**3 - 6223 + 6203 + 9*m**2 + 3*m**3 + 7*m. Calculate the remainder when g(-6) is divided by a.
10
Let o(c) = c - 10. Let h be o(15). Suppose -z - h + 4 = 0. Calculate the remainder when 71 + (z - 0) + -3 is divided by 23.
21
Suppose -30 - 1585 = -17*q. Calculate the remainder when q is divided by 34.
27
Let l(f) = 2*f**2 + 9*f - 3 + 3 - f**2. Suppose 17*o + 30 = 14*o. Calculate the remainder when 28 is divided by l(o).
8
Suppose -5*q = -30 - 20. Suppose q*w = 100 + 120. Calculate the remainder when 195 is divided by w.
19
Let m be 0/(0 + (1 - 3)). Let z = 5 + m. Su